False
Suppose -4*c + 5*c = 1, -3*c + 6 = -3*x. Is x*(1/(-4) - (-31563)/(-36)) composite?
False
Let j = 9 - 9. Suppose j = -16*r + 20*r + 444. Let l = r - -188. Is l prime?
False
Let o be ((-10)/(-4))/((-5)/(-10)). Suppose p - o*p - 34 = -i, -40 = 4*p - 4*i. Is ((-4)/p)/((-1)/(-786)) a composite number?
True
Let q(r) = 3*r**2 - 5*r + 17. Let n be q(8). Let s = n + -90. Is s a prime number?
True
Suppose 0 = -x - 5*b + 28079, 2*b + 26532 + 29662 = 2*x. Suppose -x = -6*l - 1892. Is l a composite number?
True
Suppose -449*s = -441*s - 173112. Is s a composite number?
True
Let i(b) = b**3 - b**2 + 1. Let g(r) = -r**3 + 17*r**2 + 19*r - 4. Suppose 0 = 4*s + s - 5. Let d(c) = s*g(c) + 2*i(c). Is d(-13) prime?
True
Let i(r) = 250*r**2 - 3*r + 17. Is i(3) a prime number?
False
Suppose l - 7780 = 4677. Is l a composite number?
False
Let u(c) = 1554*c**3. Let w be u(1). Let o = w - 595. Suppose -g = -2610 + o. Is g composite?
True
Suppose 5*b - 15 = -45. Let r = b - -7. Is (-9)/(-12)*(r + 147) a prime number?
False
Suppose -m + 8*w = 3*w - 75, -81 = -m + 3*w. Suppose m = 4*i - 78. Suppose n - 118 = 3*v, 4*n = v + 463 + i. Is n prime?
True
Let w be 42/(-15)*15/(-6). Suppose 223 = -w*s + 8*s. Is s a prime number?
True
Is 3*((-65030)/21)/(-5) a prime number?
False
Let a(s) = 353*s - 232. Is a(18) prime?
False
Let u be ((-1)/1)/((-1)/(-1145)). Let c = -604 - u. Is c a composite number?
False
Suppose s + 27 = -5*d - 251, -5*s - 1306 = 4*d. Let r = s + 2016. Suppose 0*t + 6*t = r. Is t a composite number?
False
Let h(u) be the third derivative of -3*u**6/10 + u**5/15 + 7*u**4/24 + 2*u**3/3 + 33*u**2. Is h(-3) prime?
True
Let b(f) = f**2 - 6*f - 2. Let u(t) = -3*t - 2. Let k be u(-3). Let a be b(k). Suppose -a*h - 29 = -199. Is h a prime number?
False
Let l = 1831 - -502. Is l composite?
False
Let s(p) = -568*p - 37. Let o be s(-11). Suppose 0 = 5*g - o - 594. Is g composite?
False
Let p(r) = 6*r**3 - 3*r**2 - 21*r - 7. Is p(8) a composite number?
True
Suppose 0 = -4*x - 197 - 171. Suppose 2*s + 5*s - 1239 = 0. Let h = s + x. Is h composite?
True
Let o(z) = z**2 - z + 1. Let r be o(0). Suppose -2*h = -23 - r. Is (h/10)/((-2)/(-335)) composite?
True
Suppose -3*w = -o + 810, 2*o - 2*w = -2*o + 3210. Let t = 2006 - o. Is t a prime number?
False
Let j(u) = -17*u - 9. Suppose z - 26 = 2*z. Let o = 18 + z. Is j(o) prime?
True
Let k = 30 - -193. Suppose -w = 4*v - k, -3*v - 2*v = -4*w + 934. Suppose 3*x + 0*x = 2*p - 457, -p + w = -2*x. Is p a composite number?
True
Suppose 3*j - 7 + 1 = 0. Suppose -t - j*t = -12, -2*t = -4*y + 4180. Is y a composite number?
True
Let x be (2 + 6)*829/2. Suppose x = 5*f - 2739. Is f prime?
False
Is ((-116)/8)/((-4)/20312) composite?
True
Suppose -17*h = -25*h + 114040. Is h a composite number?
True
Let o(b) = 146*b + 1. Suppose 0 = 5*y - h + 33, 0*y - 3*h + 1 = -y. Let k = 9 + y. Is o(k) prime?
True
Let a(n) = 197*n**2 - 2*n - 7. Let i be a(-4). Let y = i + -2066. Is y composite?
False
Is 1/(-2)*(-2)/2*93162 prime?
False
Suppose 0 = -4*a - 20, -2*c - a = 29791 - 3474. Let l = c - -18649. Is l prime?
False
Let b(v) = v**3 - 4*v**2 - 5*v - 4. Let o be b(5). Let m = -2 + o. Let g(c) = -c**3 - 6*c**2 - 9*c - 5. Is g(m) a composite number?
True
Let t = 4 - 1. Suppose 0 = v - t*w - 5, 3*v - 4*w - 15 = -3*w. Suppose -v*h = -3*h - 158. Is h composite?
False
Suppose 540 = 5*w - 3*w. Let g = w + -129. Is g prime?
False
Let d(m) = m + 9. Let q be 9*(3/3 - 2). Let b be d(q). Suppose 3*a + b*r - 883 = -2*r, 0 = -a - r + 295. Is a a prime number?
True
Let u = 529 - 297. Suppose -5*a = u - 867. Is a composite?
False
Let s(a) = -a**3 + 11*a**2 - a + 15. Let t be s(11). Suppose -t*c = -547 + 39. Is c composite?
False
Suppose x - 26585 + 6223 = -2*p, -3*p = -4*x - 30543. Is p a composite number?
False
Suppose -2*p - 4*t + 0*t + 2372 = 0, -4*t = -16. Let k = -615 + p. Suppose -3*h = -2*h - k. Is h a composite number?
False
Suppose 4*h + s = 5*s - 192, -5*s = h + 72. Let t = 10 - h. Is t composite?
True
Suppose -2647 = -3*j - 4*f, 5*f = j - 239 - 618. Is j a prime number?
True
Suppose 35 = -8*t + 3*t. Is ((-25473)/6)/t*(1 - -1) a prime number?
True
Let b = 3061 - 2006. Is b a composite number?
True
Suppose 19*g + 6*g - 9475 = 0. Is g a prime number?
True
Let l = -232 + 340. Suppose 109*a = l*a + 38. Is a prime?
False
Suppose -5*q = -5*k - 6070, 11*k - 6*k + 5 = 0. Is q a prime number?
True
Let o = -31 - -29. Is (120 - o) + 0 + 1 a prime number?
False
Let y(b) = -14*b - 1. Let k be (1/(-2))/(16/32). Is y(k) a prime number?
True
Let r(h) = h**2 - 2*h - 4. Let z be r(4). Suppose 12 = -0*y + z*y. Suppose 3*i + 2*q - 1053 = -2*i, 4*q = -y*i + 629. Is i composite?
False
Let a = -1916 + 1295. Let b = 178 + a. Let x = b + 676. Is x prime?
True
Let c = 735 + -108. Suppose x - 395 = -q, -4*x + q = c - 2187. Suppose -m + 1989 = 5*z + m, -z + x = -3*m. Is z composite?
False
Let n(l) = 4*l**2 + 55*l - 30. Is n(-21) composite?
True
Let k be ((-10)/14 + (-6)/(-14))*-7. Suppose -k*d - 16 = 2*d, 3*p = d + 2497. Is p a composite number?
True
Suppose -64969 = -i - j, -i + 17720 = -5*j - 47237. Is i a composite number?
True
Let l(p) = -p**2 - 114*p - 136. Is l(-55) composite?
False
Is 132888/(-252)*(-1 - (-2)/(-4)) a composite number?
True
Let h = -24 - -27. Suppose 0 = -h*m + 8*m - 95. Is m a composite number?
False
Let b(v) = 3*v + 5. Let w be b(3). Let r = -8 + w. Is r composite?
True
Let q be 180 - (-3)/((-12)/(-16)). Suppose -q = -3*v - 46. Is v a prime number?
False
Let m be (-1370)/(-2) - (7 - 9). Let b = m + -16. Is b a composite number?
True
Let u(i) = 199*i. Let l be u(1). Let z = l + -85. Suppose -2*w - 2 + z = 4*j, 2*w + 5*j = 117. Is w prime?
False
Let j = 4 + -2. Suppose -5*i = 2*n - 71, -i = j*i + 2*n - 41. Suppose -5*s = i, 2*u + 2*s = -2*s + 314. Is u prime?
True
Suppose -2*q + 2662 = -124. Let a = 2271 - q. Is a a prime number?
False
Suppose -5*v = -8*v. Suppose o - u - 399 = v, u - 2 = -0*u. Is o a prime number?
True
Suppose -495 = -5*y + 2*y. Suppose -34 = 4*p - 42. Suppose -h = -5*m + p*m + 165, 3*m - y = 2*h. Is m composite?
True
Let p be 1/2 + 195/(-6). Let m = 34 + p. Is (m + -8 + 1)*-229 a prime number?
False
Let k(o) = o**2 + 10*o - o**2 + 11*o**2 - 9 - 9*o. Is k(-4) prime?
True
Let v(o) = -o + 1. Let d be v(-1). Suppose -g - 4 = 0, -14 = -d*h - 3*h + g. Is 51/h + 11/(-22) prime?
False
Suppose 4*r - 21692 = 11632. Is r prime?
False
Suppose 6*n = 6463 + 2579. Is n a composite number?
True
Suppose -3*w + 4*h = -23991, 2*w + 0*h - 15983 = -h. Is w a composite number?
False
Is 1/(-10) - (-27884)/40 prime?
False
Let o(d) = -d**3 + 36*d**2 + 25*d + 67. Is o(28) composite?
False
Let r(f) = -f**3 + 6*f**2 + 2*f + 8. Let m be r(7). Let c = 1 + m. Let v = 161 - c. Is v prime?
False
Suppose 0 = 10*b - 0*b - 176570. Is b a prime number?
True
Let f(o) = 53*o - 114. Is f(16) a composite number?
True
Let l(g) = 157*g + 12. Let h be l(14). Suppose h = 4*n - 2*i, -3*n = 5*i - 1816 + 152. Is n a prime number?
False
Let h(w) = -w**3 - 10*w**2 - 14*w - 14. Is h(-9) a composite number?
False
Suppose 4*n + y = 40, -n - n - 4*y = -20. Let x be 396/(-55)*n/(-4). Is ((-156)/x)/((-4)/138) a composite number?
True
Let i(a) = 2*a**3 + 9*a**2 - 7*a - 2. Let g be i(-7). Let b = -84 - g. Let l = 327 - b. Is l a composite number?
True
Suppose 5*u - 3*x - 11 = 0, -u + 19 = -3*x + 8*x. Let p(m) = 25*m**3 + m**2 - 1. Let h be p(1). Suppose -u*o = -35 - h. Is o composite?
True
Is 815 - (8/(-3))/(66/(-99)) a composite number?
False
Let h(t) be the third derivative of 151*t**4/24 + 2*t**3/3 - 47*t**2. Is h(7) a prime number?
True
Is (-6688 + -1)*-1*1 composite?
False
Suppose -2 + 3 = o. Suppose -5*h + 2*c = -35, h - c - 5 + o = 0. Let j = h + -7. Is j a composite number?
False
Suppose 13*r + 1402 = 63243. Is r a prime number?
False
Let u(j) = -j - 19. Let t be u(-18). Is 9/(-15) - t/((-25)/(-14590)) a prime number?
False
Let b(i) = 56*i**2 + 6*i + 143. Is b(-23) a prime number?
True
Suppose 3*h = -2*a + 6863, -2*h + a + 4566 = -0*h. Is h composite?
True
Let m = 11 + -11. Suppose 37 = -2*w + 5*k - 9, m = -2*w - 2*k - 18. Let r = 24 + w. Is r prime?
True
Suppose -16*l + 24*l = 24. Is (-47)/(-4)*(2 + l - -47) prime?
False
Suppose 5*o + 541 - 1881 = -5*d, -d + 267 = 2*o. Suppose 2*i = 2